{"id":5163,"date":"2024-05-24T10:04:25","date_gmt":"2024-05-24T13:04:25","guid":{"rendered":"https:\/\/salmon-festival.com\/program\/vendredi-28-juin\/"},"modified":"2025-06-19T10:00:27","modified_gmt":"2025-06-19T13:00:27","slug":"vendredi-28-juin","status":"publish","type":"program","link":"http:\/\/salmon-festival.com\/fr\/program\/vendredi-28-juin\/","title":{"rendered":"Vendredi 4 juillet"},"template":"","meta":{"_acf_changed":false,"ngg_post_thumbnail":0,"_links_to":"","_links_to_target":""},"class_list":["post-5163","program","type-program","status-publish","hentry"],"acf":{"program_item":[{"dates_&_times":"11 h - 16 h","title_of_the_event":"Visite guid\u00e9e du mus\u00e9e de la Maison Athol","description":"D\u00e9couvrez l\u2019histoire de notre comt\u00e9 et de ses trois cultures fondatrices : Mi'gmaq, Acadienne et \u00c9cossaise.","location":"Galerie Restigouche (39, rue Andrew)","google_maps_link":"https:\/\/maps.app.goo.gl\/cqwS32PQcvuD9gEB9","logo_\u00a0poster":""},{"dates_&_times":"12 h - 22 h","title_of_the_event":"Campbell Amusements","description":"45 $\/Bracelet","location":"","google_maps_link":"","logo_\u00a0poster":""},{"dates_&_times":"19 h - 21 h","title_of_the_event":"Divertissement du Festival du saumon","description":"","location":"Amphith\u00e9\u00e2tre (en cas de pluie, Centre civique - Deuxi\u00e8me glace)","google_maps_link":"https:\/\/maps.app.goo.gl\/7WnjXQbtVk8MccdK8","logo_\u00a0poster":""},{"dates_&_times":"20 h","title_of_the_event":"Comedy Show (en anglais uniquement)","description":"<p class=\"ai-optimize-6\"><strong><em>Commandit\u00e9e par Allen, Paquet & Arseneau LLP<\/em><\/strong><\/p>\n<p class=\"ai-optimize-7\">Avec Brad Rice, Jeremy Scott, Jeff Pinnell et Nathan Dimitroff !<\/p>\n<p class=\"ai-optimize-8\">Co\u00fbt : 45 $ \u00e0 l'avance et 55 $ \u00e0 la porte (tables de 8 disponibles) <strong><em>Vendu \u00e0 <a href=\"https:\/\/www.eventbrite.ca\/e\/1405422288899?aff=oddtdtcreator\">Eventbrite.ca<\/a> et au Centre civique<\/em><\/strong><\/p>","location":"Centre civique \u2013 Salle de convention (ouverture des portes \u00e0 19 h 30)","google_maps_link":"https:\/\/maps.app.goo.gl\/hFfhorkCLTR47oFT9","logo_\u00a0poster":6323}]},"jetpack_sharing_enabled":true,"_links":{"self":[{"href":"http:\/\/salmon-festival.com\/fr\/wp-json\/wp\/v2\/program\/5163","targetHints":{"allow":["GET"]}}],"collection":[{"href":"http:\/\/salmon-festival.com\/fr\/wp-json\/wp\/v2\/program"}],"about":[{"href":"http:\/\/salmon-festival.com\/fr\/wp-json\/wp\/v2\/types\/program"}],"wp:attachment":[{"href":"http:\/\/salmon-festival.com\/fr\/wp-json\/wp\/v2\/media?parent=5163"}],"curies":[{"name":"wp","href":"https:\/\/api.w.org\/{rel}","templated":true}]}}

Visite guidée du musée de la Maison Athol

Découvrez l’histoire de notre comté et de ses trois cultures fondatrices : Mi'gmaq, Acadienne et Écossaise.

Amphithéâtre (en cas de pluie, Centre civique - Deuxième glace)

<p class="ai-optimize-6"><strong><em>Commanditée par Allen, Paquet & Arseneau LLP</em></strong></p>
<p class="ai-optimize-7">Avec Brad Rice, Jeremy Scott, Jeff Pinnell et Nathan Dimitroff !</p>
<p class="ai-optimize-8">Coût : 45 $ à l'avance et 55 $ à la porte (tables de 8 disponibles) <strong><em>Vendu à <a href="https://www.eventbrite.ca/e/1405422288899?aff=oddtdtcreator">Eventbrite.ca</a> et au Centre civique</em></strong></p>

Centre civique – Salle de convention (ouverture des portes à 19 h 30)
