{"id":5166,"date":"2024-05-24T10:20:10","date_gmt":"2024-05-24T13:20:10","guid":{"rendered":"https:\/\/salmon-festival.com\/program\/lundi-1er-juillet\/"},"modified":"2024-05-29T08:54:58","modified_gmt":"2024-05-29T11:54:58","slug":"lundi-1er-juillet","status":"publish","type":"program","link":"https:\/\/salmon-festival.com\/fr\/program\/lundi-1er-juillet\/","title":{"rendered":"Lundi 1er juillet"},"template":"","meta":{"_acf_changed":false,"ngg_post_thumbnail":0,"_links_to":"","_links_to_target":""},"class_list":["post-5166","program","type-program","status-publish","hentry"],"acf":{"program_item":[{"dates_&_times":"9h","title_of_the_event":"D\u00e9filer d\u2019animaux","description":"<em><strong>Commandit\u00e9 par Pet Valu<\/strong><\/em>\n\nInscription \u00e0 8h","location":"Parc Riverside (en cas de pluie, Centre Civique \u2013 Glace principale)","google_maps_link":"https:\/\/maps.app.goo.gl\/q4D4bcVuLNK88TSz6","logo_\u00a0poster":""},{"dates_&_times":"11h","title_of_the_event":"C\u00e9l\u00e9brations de la f\u00eate du Canada","description":"","location":"Parc Riverside (en cas de pluie, Centre Civique \u2013 Glace principale)","google_maps_link":"https:\/\/maps.app.goo.gl\/q4D4bcVuLNK88TSz6","logo_\u00a0poster":""},{"dates_&_times":"15h - 17h","title_of_the_event":"Divertissement du Festival du Saumon : Blanche Pelletier","description":"","location":"Kiosques (en cas de pluie, Centre civique \u2013 Glace principale)","google_maps_link":"","logo_\u00a0poster":""},{"dates_&_times":"15h","title_of_the_event":"Marche de l'amiti\u00e9","description":"","location":"Pont Van Horne","google_maps_link":"https:\/\/maps.app.goo.gl\/WNEijfkV1S8Lywez9","logo_\u00a0poster":""},{"dates_&_times":"17h - 19h","title_of_the_event":"Divertissement du Festival du Saumon : Linda Bergeron","description":"","location":"Kiosques (en cas de pluie, Centre civique \u2013 Glace principale)","google_maps_link":"","logo_\u00a0poster":""},{"dates_&_times":"19h - 21h","title_of_the_event":"Divertissement du Festival du Saumon : Karaok\u00e9 (Ouvert au public)","description":"","location":"Kiosques (en cas de pluie, Centre civique \u2013 Glace principale)","google_maps_link":"","logo_\u00a0poster":""},{"dates_&_times":"21h - d\u00e9but des feux d\u2019artifices","title_of_the_event":"Divertissement du Festival du Saumon : Daniel Poirier","description":"","location":"Kiosques (en cas de pluie, annul\u00e9)","google_maps_link":"","logo_\u00a0poster":""},{"dates_&_times":"22h30","title_of_the_event":"Feux d'artifice","description":"En collaboration avec Listuguj Mi'gmaq Government et la Municipalit\u00e9 de Pointe-\u00e0-la-Croix","location":"Secteur riverain de Campbellton","google_maps_link":"https:\/\/maps.app.goo.gl\/TXGHJEWyNNwbttSe6","logo_\u00a0poster":""}]},"jetpack_sharing_enabled":true,"_links":{"self":[{"href":"https:\/\/salmon-festival.com\/fr\/wp-json\/wp\/v2\/program\/5166","targetHints":{"allow":["GET"]}}],"collection":[{"href":"https:\/\/salmon-festival.com\/fr\/wp-json\/wp\/v2\/program"}],"about":[{"href":"https:\/\/salmon-festival.com\/fr\/wp-json\/wp\/v2\/types\/program"}],"wp:attachment":[{"href":"https:\/\/salmon-festival.com\/fr\/wp-json\/wp\/v2\/media?parent=5166"}],"curies":[{"name":"wp","href":"https:\/\/api.w.org\/{rel}","templated":true}]}}

Défiler d’animaux

<em><strong>Commandité par Pet Valu</strong></em>

Inscription à 8h

Célébrations de la fête du Canada

Marche de l'amitié

Divertissement du Festival du Saumon : Karaoké (Ouvert au public)

21h - début des feux d’artifices

Kiosques (en cas de pluie, annulé)

En collaboration avec Listuguj Mi'gmaq Government et la Municipalité de Pointe-à-la-Croix
